l(t) = 2*t**2 + 89*t + 965. What is l(-19)?
-4
Let o(x) = -10271*x - 20542. Determine o(-2).
0
Let z(l) = -l**3 - 55*l**2 + 108*l - 357. Give z(-57).
-15
Let q(z) = z**3 - 22*z**2 - 101*z - 71. What is q(26)?
7
Let s(w) = w**3 - 9*w**2 + 17*w + 33. What is s(8)?
105
Let q(c) = -c**2 - 14*c + 1306. Calculate q(30).
-14
Let d(c) = -42*c**2 + 31*c - 189. Calculate d(5).
-1084
Let g(o) = -12*o**2 + 69*o + 18. Calculate g(6).
0
Let j(c) = -c**2 - 27*c + 1153. Calculate j(-50).
3
Let f(c) = -c**2 - 6*c - 3. What is f(-7)?
-10
Let h(r) = r**2 - 171*r + 6373. What is h(54)?
55
Let p(o) = -6221*o + 49776. Give p(8).
8
Let m(f) = 116*f + 4981. What is m(-43)?
-7
Let v(l) = 2*l**3 + l**2 + 10*l - 25. What is v(2)?
15
Let n(u) = -54*u + 2305. Calculate n(54).
-611
Let r(l) = -1957*l + 13802. Determine r(7).
103
Let g(n) = n**3 - 9*n**2 - 42*n + 37. What is g(13)?
167
Let j(c) = 121*c + 1208. Give j(-10).
-2
Let h(t) = 99*t + 22773. Determine h(-230).
3
Let f(u) = u**3 + 70*u**2 + 70*u + 83. Calculate f(-69).
14
Let i(f) = 2*f**3 - 5*f**2 + 118*f - 635. Give i(5).
80
Let c(f) = 30*f**2 - 5*f + 7. Give c(-3).
292
Let l(g) = g**2 + 89*g + 1055. Determine l(-15).
-55
Let o(d) = 6*d**2 - 100*d + 401. Calculate o(7).
-5
Let g(v) = v**3 + 38*v**2 + 299*v - 694. Calculate g(-15).
-4
Let x(f) = f**3 + 4*f**2 + 330*f + 1972. What is x(-6)?
-80
Let p(l) = -l**2 - 220*l - 8144. Give p(-47).
-13
Let n(k) = -k**3 + 112*k**2 - 730*k - 36. Calculate n(7).
-1
Let c(n) = 122*n**2 - 2198*n + 44. What is c(18)?
8
Let a(p) = -295*p + 1481. Give a(5).
6
Let x(j) = 66*j**2 + 33*j + 2. Calculate x(-1).
35
Let m(u) = 12*u**2 - 77*u - 300. What is m(-4)?
200
Let x(f) = 199*f - 2257. Calculate x(11).
-68
Let o(u) = -1643*u - 32852. Give o(-20).
8
Let k(y) = 2*y**2 - 25*y + 61. What is k(12)?
49
Let f(b) = b + 184. Calculate f(5).
189
Let b(y) = 182*y - 4507. Give b(25).
43
Let x(s) = -s**2 + 96*s - 1465. Give x(19).
-2
Let x(i) = -3*i**2 + 11*i + 12. What is x(6)?
-30
Let t(d) = 2*d**2 + 42*d + 11. Give t(-21).
11
Let v(n) = -6*n - 268. Determine v(-40).
-28
Let z(g) = 5*g**3 - 622*g**2 + 250*g - 252. Give z(124).
-4
Let d(i) = i**3 - 12*i**2 + 21*i - 105. What is d(11)?
5
Let o(w) = 3*w**2 + 7*w + 131. Calculate o(-8).
267
Let h(q) = -110*q**3 + 660*q**2 + 2*q - 18. Determine h(6).
-6
Let u(z) = -z**3 + 116*z**2 - 110*z - 518. What is u(115)?
57
Let m(d) = -2*d**2 - 1071*d + 2142. What is m(2)?
-8
Let b(l) = -175*l**3 - 5*l**2 + 11*l + 13. What is b(-1)?
172
Let y(o) = 35*o + 158. Give y(-7).
-87
Let y(j) = j**3 - 68*j**2 + 1062*j - 261. Determine y(44).
3
Let k(z) = 14*z - 47. Determine k(1).
-33
Let n(l) = -4*l**2 - 5*l + 7. Determine n(1).
-2
Let a(d) = -d**2 + 55*d + 236. What is a(-4)?
0
Let b(m) = 39*m**2 + 311*m - 17. Calculate b(-8).
-9
Let s(c) = c**2 + 239*c - 8370. What is s(-270)?
0
Let c(f) = 2*f**3 - 7*f**2 + 66*f - 277. Give c(4).
3
Let r(c) = c**3 + 30*c**2 + 86*c + 12. Calculate r(-27).
-123
Let v(w) = -18*w + 19. Give v(1).
1
Let b(o) = -30*o + 225. Calculate b(8).
-15
Let q(z) = 7*z + 28. Give q(-23).
-133
Let i(j) = -11*j + 373. Give i(36).
-23
Let o(q) = -2*q**3 - 94*q**2 + 9*q + 404. Determine o(-47).
-19
Let x(i) = -211*i**3 - 24*i**2 - 32*i - 7. What is x(-1)?
212
Let c(u) = 6*u + 67. Determine c(15).
157
Let f(v) = -222*v + 2650. Calculate f(12).
-14
Let s(k) = -7*k**3 + 53*k**2 + 114*k - 1. What is s(-2)?
39
Let a(v) = 98*v**2 + 684*v - 1. Give a(-7).
13
Let y(t) = 1042*t - 4169. Determine y(4).
-1
Let i(o) = 2*o**2 + 81*o - 811. What is i(-49)?
22
Let z(b) = -14*b + 424. Calculate z(36).
-80
Let y(v) = v**3 - 39*v**2 - v + 6. Determine y(39).
-33
Let f(z) = 31*z**2 + 267*z - 115. What is f(-9)?
-7
Let x(v) = 4*v**3 + 122*v**2 + 65*v + 130. What is x(-30)?
-20
Let l(h) = 2*h**2 + 57*h - 1485. What is l(-45)?
0
Let w(h) = -125*h**2 + 14*h + 28. Determine w(0).
28
Let o(t) = -7*t**2 - 32*t + 58. Give o(2).
-34
Let i(d) = -135*d - 264. Calculate i(-2).
6
Let n(q) = -q**2 + 37*q - 365. Determine n(18).
-23
Let q(w) = -10*w**2 - 41*w + 12. What is q(-5)?
-33
Let w(i) = -467*i + 5118. Give w(11).
-19
Let v(h) = -39*h + 5. What is v(-1)?
44
Let f(m) = m**3 + 36*m**2 + 147*m - 224. Give f(-31).
24
Let x(b) = b**2 - 59*b - 250. Give x(63).
2
Let y(k) = -5*k - 34. What is y(-35)?
141
Let m(v) = 18*v**3 + 262*v + 261. What is m(-1)?
-19
Let g(k) = -31*k - 673. What is g(-21)?
-22
Let l(i) = -161*i**3 + i**2 - 3*i - 3. Determine l(-1).
162
Let d(x) = 19*x + 574. Give d(-33).
-53
Let k(o) = -56*o**3 - 563*o**2 - 27*o - 25. Give k(-10).
-55
Let r(l) = 31*l + 1019. Give r(-41).
-252
Let d(a) = -7*a**2 - 6*a + 153. Give d(-5).
8
Let a(u) = 35*u + 103. What is a(-9)?
-212
Let t(v) = v**3 - 4*v**2 - 9*v - 13. Give t(6).
5
Let l(f) = 115*f + 55884. Calculate l(-486).
-6
Let y(i) = -i**3 - 17*i**2 + 429*i + 64. Calculate y(14).
-6
Let o(u) = 4*u**2 + 46*u + 6. Calculate o(-8).
-106
Let h(w) = -4*w**3 - 6*w**2 + 4*w + 21. Give h(-4).
165
Let h(b) = -b**2 - 2642*b + 15887. Determine h(6).
-1
Let a(h) = 6*h**2 + 15*h - 41. What is a(4)?
115
Let l(g) = -g**3 + 17*g**2 + 20*g - 19. What is l(18)?
17
Let c(i) = 26*i + 364. Calculate c(-12).
52
Let m(t) = t**3 + 5*t**2 - 12*t - 34. What is m(-6)?
2
Let d(s) = -293*s + 6742. Calculate d(23).
3
Let d(x) = x**3 - 5*x**2 - 2*x + 17. What is d(-5)?
-223
Let b(k) = -k**3 - 31*k**2 - 89*k - 37. Calculate b(-28).
103
Let m(k) = k**2 + 175*k + 1006. What is m(-6)?
-8
Let c(k) = 380*k + 10259. Give c(-27).
-1
Let a(w) = -24*w**2 + 264*w - 674. Calculate a(7).
-2
Let h(b) = -433*b + 3043. What is h(7)?
12
Let b(t) = 68*t - 4332. What is b(61)?
-184
Let h(a) = -2*a**3 - 24*a**2 + a + 41. Give h(-12).
29
Let q(j) = j**3 + 4*j**2 + 19*j + 64. Determine q(-4).
-12
Let n(l) = l**3 + 207*l**2 + 392*l - 3698. What is n(-205)?
-8
Let t(z) = -703*z + 4238. Calculate t(6).
20
Let d(l) = l**2 - 29*l + 303. What is d(12)?
99
Let l(u) = -u - 7. Give l(21).
-28
Let o(q) = -q**3 - 22*q**2 - 65*q + 9. What is o(-4)?
-19
Let i(d) = d**2 - 8*d + 5. Calculate i(0).
5
Let h(m) = -118*m**2 - 4603*m - 41. Give h(-39).
-2
Let s(h) = 6*h**2 - 51*h - 5. Determine s(10).
85
Let z(c) = -c**2 + 48*c + 1161. Give z(-18).
-27
Let k(h) = -2*h**2 + 282*h + 10251. Calculate k(-30).
-9
Let i(o) = -8035*o - 32149. Give i(-4).
-9
Let k(l) = l**3 - 68*l + 140. Determine k(7).
7
Let p(u) = -49*u**2 - 5*u + 6. Determine p(2).
-200
Let k(c) = 4*c**2 - 345*c + 295. Give k(85).
-130
Let g(w) = 3*w**2 - 35*w - 49. Determine g(-9).
509
Let o(q) = -376*q - 700. Determine o(-2).
52
Let y(x) = 3*x**3 - 917*x**2 - 324*x + 5511. Give y(306).
3
Let h(n) = -n**2 - 7*n + 70. Give h(5).
10
Let y(o) = -o**2 + 37*o - 110. What is y(34)?
-8
Let g(b) = -b**2 - 21*b + 46. Give g(-19).
84
Let c(s) = s**3 + 18*s**2 - 2129*s - 61. What is c(-56)?
-5
Let l(u) = 2*u**2 + 98*u - 1. Calculate l(-49).
-1
Let g(h) = -74*h + 1938. What is g(26)?
14
Let f(z) = -132*z + 404. Give f(3).
8
Let d(l) = -378*l + 3042. What is d(8)?
18
Let t(x) = -3*x**2 + 15*x + 14. Calculate t(-1).
-4
Let t(m) = -m**2 - 44*m + 35. Determine t(-45).
-10
Let y(u) = 3*u + 112. Give y(-60).
-68
Let j(n) = n**3 - 13*n**2 + 16*n + 58. Calculate j(11).
-8
Let k(y) = -713*y - 2836. Give k(-4).
16
Let l(x) = -3*x**3 - 19*x**2 + 22*x + 174. Give l(-6).
6
Let r(y) = 32*y + 721. Determine r(-20).
81
Let w(t) = -608*t - 8535. Determine w(-14).
-23
Let y(l) = -47*l + 500. Calculate y(9).
77
Let p(g) = 678*g - 4798. Give p(7).
-52
Let q(d) = 1864*d + 13045. What is q(-7)?
-3
Let c(w) = w**3 + 7*w**2 - 11*w + 44. What is c(-10)?
-146
Let p(r) = r**3 - 37*r**2 - 12*r + 467. Determine p(37).
23
Let i(t) = -13*t - 121. Give i(-25).
204
Let s(p) = -p**3 + 5*p**2 + 8*p - 48. What is s(3)?
-6
Let j(t) = -2*t**3 + 15*t**2 + 63*t + 9. Calculate j(-3).
9
Let b(s) = -2*s**3 + 13*s**2 + 11*s + 12. Calculate b(8).
-92
Let z(i) = -5*i**2 + 44*i + 278. Calculate z(13).
5
Let y(t) = -1102*t - 3335. What is y(-3)?
-29
Let o(b) = 26*b - 20. Give o(2).
32
Let j(f) = 9*f - 20. Give j(2).
-2
Let h(j) = 364*j + 28390. Give h(-78).
-2
Let i(k) = -4*k**3 - 71*k**2 + 14*k - 90. Give i(-18).
-18
Let q(g) = g**3 - 56*g**2 + 340*g + 253. Calculate q(49).
106
Let a(l) = 4*l**3 + 12*l**2 - 4*l - 9. Determine a(1).
3
Let s(j) = -26*j - 390. Give s(-14).
-26
Let h(r) = -45